. Let m(i) = i**2 - 6*i - 1. Give m(u).
-1
Let f(u) be the second derivative of 2*u - 1/2*u**2 + 1/6*u**3 + 0 + 3/20*u**5 + 1/12*u**4. Give f(1).
4
Let j be 60/(-14) - (-2)/7. Let q(m) be the first derivative of m**4/4 + m**3 - 3*m**2/2 - 5*m - 16. Determine q(j).
-9
Let k(r) = -r**3 + r**2 + 3*r - 1. Suppose -2*p = 4*o - 4, 9*p - 5*p = -5*o + 8. Determine k(p).
1
Let w(i) = 3 - 1 - 2 - 1 + 3*i. Give w(-1).
-4
Let s(d) = 2*d - 9. Let w be s(6). Suppose 1 - 3 = w*p - q, 4*p + 4*q = 8. Let x(l) = 3 + 2 - l + 2*l. What is x(p)?
5
Suppose -4*g - 1 - 3 = 0. Let y = 3 + g. Let f(t) = 1 + 4*t**2 + t**3 + y*t + t + t. Calculate f(-3).
-2
Let k(v) = v - 3. Let n(r) = 2*r + 31. Let a(p) = p + 15. Let q(t) = 13*a(t) - 6*n(t). Suppose 0 = -3*w, -w + 25 = -3*j - 2*j. Let l be q(j). Calculate k(l).
1
Let o be (-1)/(-4) - 84/16. Let w(m) = -7*m + 4*m - 2*m + 5*m**2 + 3 - 11. Let p(q) = -6*q**2 + 5*q + 9. Let n(u) = -6*p(u) - 7*w(u). What is n(o)?
2
Let i(u) = 2*u + 32. Let c be i(-15). Let g(o) be the third derivative of 3/2*o**3 + 0 + 0*o - 1/12*o**4 + 4*o**c. Calculate g(6).
-3
Let z be 2/6 + (-10)/3. Let g(u) = 7*u - 2. Let r(l) = 7 - 1 + l - 6. Let m(y) = -g(y) + 5*r(y). Give m(z).
8
Let q be (3/3 - 4)/(-1). Let i(o) = -3*o**2 + 7*o + 1 - 3*o - o**q + 4*o**2. Give i(3).
-5
Let y(q) be the first derivative of -q**3/3 - 7*q**2/2 - 4*q + 3. Suppose -9 = -3*s + 6*s. Calculate y(s).
8
Let o(x) = 5*x + 1. Suppose 0*u + 3 = 3*u. Determine o(u).
6
Let i(y) = -y**2 - 12*y + 4. Let m be i(-12). Let u be ((-15)/12)/(2/(-16)). Suppose -r - u = m*r. Let a(c) = -2*c - 1. Calculate a(r).
3
Let u(l) = l + 1. Let p(f) = 2*f + 2. Let j(n) = -2*p(n) + 6*u(n). Calculate j(2).
6
Let n(f) = 3*f**3 + 6*f**2 - 9*f + 5. Let a(v) = 2*v**3 - v**2 + 1. Let u(d) = -a(d) + n(d). Determine u(-8).
12
Let l = 17 + -9. Let p = 2 - l. Let o(g) = -g - 6. Calculate o(p).
0
Let a(u) = -3*u - 8. Let q(g) = 7*g + 17. Let t(k) = -5*a(k) - 2*q(k). Give t(5).
11
Let j(p) = -p - 9. Let z(n) = n + 17. Let s(q) = 7*j(q) + 4*z(q). Calculate s(5).
-10
Let y(b) = -b**3 + 4*b**2 + b - 1. Let r be y(4). Let d(f) = -4*f**2 + 5*f**2 - 1 - 3. Determine d(r).
5
Let v be ((-8)/6)/(1/3). Suppose 0 = 3*u - 2 - 4. Let h(a) = -3 + 0*a**2 + 5*a**2 + a**3 + 3*a - u. Give h(v).
-1
Let y(i) = 3*i**3 + 3*i**2 + i + 3. Let v(t) = 3*t**3 + 4*t**2 + t + 4. Let c be (-1 + 0)/(4/(-12)). Let a(m) = c*v(m) - 4*y(m). What is a(1)?
-4
Let g(h) = 2*h - 2. Let c be 13/((-26)/(-12)) - 2. Calculate g(c).
6
Suppose -4*o + 1 = -3*m - 8*o, 3*m = 2*o - 31. Let l(s) = -s**3 - 6*s**2 + 5*s - 8. Determine l(m).
6
Let n(a) = 2*a**2 - a + 2. Let p(u) = -3*u**2 + u - 3. Let d(s) = 4*n(s) + 3*p(s). What is d(-3)?
-7
Let l(s) = 1 - 2*s**3 - 10*s**3 - 6*s**3 + 17*s**3. Give l(0).
1
Let t = -8 + 14. Let m(g) = -g**3 + 8*g**2 - 5*g - 9. Let a be m(7). Let h(y) = -t - y**2 + a*y + 6. Calculate h(5).
0
Let j(x) = 5*x + 4 - 17*x - x**2 + 9*x. Give j(-5).
-6
Suppose -12 = -8*x + 2*x. Let y(v) = v**3 - 3*v**2 + 2*v + 2. Calculate y(x).
2
Let k = 40 - 33. Let r(n) = -n + 4. Calculate r(k).
-3
Suppose k + k = -16. Let q(x) = -x**2 - 6*x + 11. Determine q(k).
-5
Let s(k) = k**3 + 6*k**2 - 6*k + 10. Let c be s(-7). Suppose -1 - c = -2*l. Let u(y) = -5*y**2 + 6*y**2 + l + 5*y + y. What is u(-5)?
-3
Let t(q) be the first derivative of q**4/12 - 7*q**3/6 - 3*q**2/2 - 5*q - 8. Let o(r) be the first derivative of t(r). What is o(7)?
-3
Suppose 0 = -3*b + 2*v + 6 - 9, b - 5*v - 12 = 0. Let l(t) = 2*t + 3. Let d(g) = -2*g - 3. Let u(s) = 2*d(s) + 3*l(s). Calculate u(b).
-3
Let f(d) be the first derivative of -d**4/2 + d**2/2 - 11. What is f(1)?
-1
Let c(r) = -r**3 - r**2 - r - 5. Let y be (2/(-4))/((-1)/4). Let o be y*-1 - (-1 + -3). Suppose -m - 2*t - 4 = -4*t, o = -4*m + t. Determine c(m).
-5
Let p(w) = -5*w - 1. Let x(m) be the first derivative of -11*m**2/2 - m - 1. Suppose 2*v - 3*v + 6 = 0. Let b(i) = v*x(i) - 13*p(i). Calculate b(0).
7
Let v(z) = -3*z**2 + 2*z**3 + 2*z**2 - 3 + 2*z - 2*z**2. Suppose -2 - 4 = -3*b. Let y be b/((-1)/(-1)) + 0. Calculate v(y).
5
Let p(o) = -o**2 + 9*o + 6. Let g(v) = -v**2 + 9*v + 6. Let u(h) = -5*g(h) + 6*p(h). Determine u(9).
6
Let f(p) = -2*p**2 + 1. Suppose -3*i - b = 2*b + 6, 2*b = 5*i - 25. Determine f(i).
-17
Suppose 16 + 59 = 5*s. Suppose 5*w = -2*k + 29, -5*k + 40 = 3*w + s. Let m(p) = p - 5. What is m(w)?
0
Let o(a) be the second derivative of a**3/6 + 3*a**2 - 6*a. Let y be (-5)/(5/(-2))*-1. Let x be (2/1 - 0) + y. Calculate o(x).
6
Let b(q) = 3*q - 5. Suppose 50*v = 49*v + 5. Determine b(v).
10
Let u(d) = -6*d. Let o(k) = -13*k. Let m(z) = -4*o(z) + 9*u(z). Determine m(2).
-4
Let o(t) = 8*t**2 + t + 2. Let x(m) = 23*m**2 + 2*m + 5. Suppose 0 = n - 5*c - 3, 4*c = -n + 2*c + 3. Let j(i) = n*x(i) - 8*o(i). What is j(-1)?
6
Let k be -1 - (-1*8 + 1). Let w(g) = -2*g**3 + 3*g**2 - 11. Let u(c) = c**3 - 2*c**2 + 6. Let b(i) = k*w(i) + 11*u(i). Suppose -4*f - f = 20. Calculate b(f).
0
Let f(z) be the third derivative of z**7/5040 - z**6/180 + z**5/60 - 2*z**2. Let i(t) be the third derivative of f(t). Suppose 6 = c + 1. What is i(c)?
1
Let b(v) = -v**3 + 2*v**2 + 5*v - 2. Let z(d) = -d + 1. Let g = 12 - 5. Let j = 11 - g. Let q(h) = j*z(h) + b(h). What is q(3)?
-4
Let b = -8 + 13. Let g(j) = -b*j + 3*j**2 - 2*j**2 - 1 - 1 + 3*j. What is g(4)?
6
Suppose -4*i + 33 = -5*a, i = -4*a - 20 + 2. Let r(y) = -2*y + 6*y**i - 4*y**2 + 1 - 2*y + y**3. Suppose 3*p = -0 - 9. Calculate r(p).
4
Let q(g) = 9 + 3*g - 3*g**2 + 15 - 27 + g**3. Give q(3).
6
Let s = -1 - -1. Let j(l) = -l**2 + 6*l - 1. Let d be j(5). Let w(m) = 5 + 0*m**2 + 5*m**2 - d*m**2 - 2*m**2. Give w(s).
5
Let y(r) = r - 1. Let b(m) = -2*m**2 - m + 3. Let n be b(2). What is y(n)?
-8
Let u(v) = v**2 + 3*v + 8. Let o(i) = i + 1. Let l(b) = -5*o(b) + u(b). Let m be ((-28)/(-10) + -2)*-5. Let p = m - -7. What is l(p)?
6
Let v(u) = u**2 - 4*u. Suppose 0 = -b + 8 - 3. What is v(b)?
5
Let v be (-30)/10 + 1 + -1. Let f(z) = -1 + z + 2 - 3. Give f(v).
-5
Let y(p) = -p + 3 - 3*p - 4 + 0. Determine y(2).
-9
Suppose 3*z + 4 = 4*z. Suppose -2*y + 5 = -3*a + 2*a, 2*a - 6 = -z*y. Let k(h) = 11*h + 1. What is k(a)?
-10
Let n be (-140)/65 + (-6)/(-39). Let m be (n - -3) + 1 - 7. Let z(a) = a**2 + 4*a + 3. Give z(m).
8
Let b(d) = 36*d + 57. Let o(w) = 5*w + 8. Let s = -3 - -6. Suppose 8*z = s*z - 75. Let k(p) = z*o(p) + 2*b(p). What is k(-4)?
6
Let f(a) = -2*a**2 + 5*a + 1. Let y(l) = l**2 - 3*l. Let z(q) = 3*f(q) + 7*y(q). Let w(n) = 0*n**2 + n**2 + 5*n - 2*n**2. Let t be w(4). Give z(t).
-5
Let t(y) be the second derivative of y**4/24 - 5*y**2/2 + 8*y. Let l(r) be the first derivative of t(r). Calculate l(-2).
-2
Let k(q) = -q**3 + 4*q**2 - 2*q - 1. Let c be k(3). Suppose -2*f - 9 = -5*v, 0*f + 12 = c*f + 2*v. Let z(n) = n + 1. Determine z(f).
4
Suppose k + z + 4*z - 26 = 0, -3*k + 5*z = 2. Let p be -5 - (-4)/(8/k). Let h(i) = 8*i + 2. Give h(p).
-14
Let r(x) = 6*x + 2. Let l be r(1). Suppose 0*w + 3*w + 5*c = -l, 5*c - 34 = 4*w. Let g(h) = -3*h - 3. Calculate g(w).
15
Let w(z) = 4*z + 4. Suppose -11*k = -6*k + 15. Give w(k).
-8
Let k(z) = -z + 8. Let b be k(9). Let p be b + 0 + 0/(-2). Let r(m) be the third derivative of -m**5/60 - m**3/6 - 2*m**2. Give r(p).
-2
Let l(y) be the first derivative of y**2/2 + 20. Determine l(-2).
-2
Suppose -4*l + 4*v = -4, 4*l + v = 3 + 6. Let j(n) = 1. Let c(p) = -4*p + 5. Let d(r) = c(r) - 2*j(r). Give d(l).
-5
Let o(j) be the first derivative of 5*j**4/4 + j + 4. What is o(-1)?
-4
Let b(r) = -9 - 17*r**2 - 4*r + 16*r**2 - 5*r. What is b(-7)?
5
Let x(q) = -2*q + 7. Let v(o) = -2*o + 6. Let j(k) = -6*v(k) + 5*x(k). Suppose 1 = 3*z - 8. What is j(z)?
5
Let j(i) = i**2 + 7*i + 6. Suppose 2*s = -4*n - 14, s + n - 24 = 6*s. Give j(s).
-4
Let p(z) = 2*z - 4 + 2 + 1. Let x = -228 - -231. Give p(x).
5
Let f(l) = -2*l + l**2 + 7 + 1 - 16. Determine f(6).
16
Suppose -6 = -2*a - 3*a + v, -a + 5*v = -6. Let k be 7/(14/8) - a. Let h(s) = s**3 - 5*s**2 + 4*s - 1. Determine h(k).
-7
Let a(x) = x**2 - 3*x - 5. Let k = 6 - -3. Let u be (-24)/k*9/(-6). Calculate a(u).
-1
Let g(u) = -5*u**2 + 2*u - 1. Suppose 10 = -0*y + 2*y. Let m(s) = s**2 + 3*s - 5. Let i be m(-5). Suppose -f = y*z - 1, 4*z - i = -5*f + 5*z. What is g(f)?
-4
Let t(i) = i**3 - 5*i**2 + i + 5. Le